 10))?
-7
Evaluate 19 + 9 + -22 + 22 + -4.
24
(-14 - (8 - (-7 + 21))) + -22
-30
Evaluate -11 - (42 - 35 - (11 - 0)).
-7
18 - (40 - 13) - (-3 - 2)
-4
-28 + 20 + 15 + -1 + 4
10
Calculate -5 - (6 + (7 - 0 - 10)).
-8
Calculate -5 - 0 - -1 - -9 - (10 - -6).
-11
What is the value of 2 - (-3 - (0 - 0 - 10))?
-5
19 + 3 + (58 + -39 - (8 + 3))
30
What is 12 + -18 - -18 - 23?
-11
10 + (-9 - -16 - 12) + 1
6
What is -1 - ((22 - 36) + (2 - -33))?
-22
-3 - -31 - 37 - -2
-7
What is the value of (-3 - 14 - -37) + -17?
3
Calculate 7 - (-6 + 10 + 1) - 4.
-2
16 - (13 - 6) - -9
18
What is -17 - (15 + -9) - -26?
3
What is the value of (9 - 4) + (160 - 184)?
-19
What is the value of -1 - ((0 - (5 + (-10 - 2))) + -10)?
2
Calculate (-7 - (-12 - (-12 - -14) - 0)) + 32.
39
Calculate 7 - (7 + 1) - -4.
3
(-3 - -9) + -2 + -9 - 1
-6
Calculate -4 + -16 - (45 - 47).
-18
Evaluate (1 - 0) + (-1 - 0) + -16.
-16
Calculate 1 - (2 + 0) - (-9 - (-24 - -7)).
-9
What is the value of 9 + -7 - 15 - (-6 + 0 - -6)?
-13
What is (7 - -9) + -18 - (15 - 4 - 4)?
-9
Calculate (12 - 0) + (0 - ((-4 - -1) + 7)).
8
What is -17 - (-9 - (13 + (-19 - 5)))?
-19
Evaluate (15 - (-13 + (-11 - -12))) + -12.
15
8 + -2 + 2 + 342 + -342 - 31
-23
Evaluate (1 - 5 - (20 - (26 + 3))) + -4.
1
39 - (15 - (7 + -5) - -2)
24
4 + 8 + -45 - (-10 - 2)
-21
What is ((1 - 20) + (-16 - -26) - 1) + 3?
-7
6 - (9 - -4 - 6) - 9
-10
What is 4 + -3 - ((29 - 35) + (-15 - 4))?
26
Evaluate (-2 - -6) + (6 - 10 - -10) - -2.
12
What is the value of -51 + 46 + -1 - (10 + (-2 - 0))?
-14
2 + -3 - (-45 + 40)
4
What is (-23 + 31 - 13) + (-13 - 1)?
-19
8 + ((7 - 19) + 2 - -9 - 11)
-4
What is 14 - 33 - -13 - (2 - 6) - -15?
13
What is the value of -22 + 39 + -15 + -12?
-10
Evaluate -41 + (26 - -7) + -1 + 6.
-3
What is the value of -35 + (9 - -36) + (0 - 13)?
-3
What is the value of -10 + (-2 - (7 + -12))?
-7
Calculate 8 - (-1 - -1 - ((11 - 13) + -8)).
-2
Evaluate 4 + (0 - (0 - -3)) + (40 - 35).
6
What is -1 - (-12 + 0 + -1)?
12
What is (-9 - 0 - 3) + 73 + -59?
2
Evaluate 12 + (-1 - 3) + -1.
7
Evaluate -13 + (-18 - 2 - -5).
-28
What is the value of (1 - -2 - -1 - 10) + (13 - 7)?
0
Evaluate -2 + (5 - 6 - 7).
-10
What is -27 + (12 - (2 + -4))?
-13
Calculate 9 - (-62 + 69 - (-1 - -5)).
6
Evaluate 0 - -7 - (9 - (2 + 3)).
3
Calculate 14 + (0 - 17) - -16 - 14.
-1
Calculate -12 + (-7 - -23 - -6).
10
-7 - (2 - -12 - 2)
-19
What is (3 - (7 + -1 - 4) - 4) + 7?
4
What is the value of -246 + 316 + (-43 - 0)?
27
What is the value of -2 - (-9 - (-15 + 8)) - -10?
10
-8 - 1 - (-13 + (-4 - -4) + 5)
-1
What is 16 - (6 + -2 - -7)?
5
What is -8 - (-11 + (13 - 0)) - (-14 - -4)?
0
What is (-3 - -6) + (-1 + 7 - (-14 - -14))?
9
What is the value of 8 + -1 + (-14 - 7) + 4?
-10
What is 9 + -10 + 6 + (3 - -6)?
14
What is the value of (0 - -2) + (-18 - -32) + -8 + -17?
-9
What is the value of (-2 - -10) + (16 - 11) + 10 + -7?
16
What is the value of -4 + 6 + -9 + 14 + (-18 - -20)?
9
What is the value of -33 + (33 - 16) - (4 + -32)?
12
Calculate -17 + -22 + 17 + 11.
-11
What is the value of (-343 - -351) + (-21 - 1)?
-14
Evaluate -1 - -4 - (23 + (-17 - 10)).
7
Evaluate 58 + 51 + -113 + (1 - 3).
-6
25 - (6 + 1 + 4 + -4) - -4
22
What is 0 - -12 - -8 - 10?
10
(-22 - (6 + -63)) + -35
0
What is -10 + -2 + -6 + (16 + -4 - 5)?
-11
Evaluate (0 - -13) + -27 + 33.
19
Evaluate (9 + 1 - (-8 - -20)) + -6.
-8
What is the value of -19 - (-8 + -11 + 6 + 8)?
-14
Evaluate -2 + (0 - -7 - (84 + -79)).
0
Evaluate 13 - (-42 + 17 + 9).
29
What is the value of 5 + 14 + -29 - -21?
11
Evaluate 4 - (-9 - (-31 + 17)).
-1
What is (-49 - 20) + 52 + -12 + 0?
-29
Evaluate 14 - ((-8 - (12 + -12)) + 4).
18
What is 13 + (7 - (4 + -7 - -11))?
12
What is the value of -4 - (7 + -8) - 1?
-4
Evaluate -1 + 7 + (11 - 14).
3
What is the value of -4 - (14 - (19 + -13))?
-12
Evaluate (-8 - (-110 - -106 - (-5 + -1))) + 5.
-5
Calculate -9 + 13 + (14 - 6 - 10).
2
Evaluate (0 + 4 + (2 - 6) - -2) + -6.
-4
Evaluate -6 + 43 + (-23 - (-8 - 11)).
33
What is 7 + -6 + (34 - 23)?
12
What is 3 + 4 + 5 - 6 - -3?
9
(2 - -6) + (-9 - -8) - 4
3
(-6 - (-4 - -10)) + (4 + 0 - 0)
-8
(-5 + 3 + -5 - -10) + (-2 - -1)
2
What is the value of (-8 - (5 - 16 - -14)) + 11?
0
-50 + 7 + 6 + -1 + 5
-33
1 + -3 + 0 + (39 + -18 - 29)
-10
What is the value of (7 - -27) + -2 + -28?
4
Calculate (-69 - -64) + (11 - 1).
5
Evaluate 2 + 2 - (6 + 19 + -24).
3
What is the value of -19 + (-14 - 22 - -50)?
-5
(3 - 5 - 4) + (31 + -12 - 11)
2
10 - 10 - (-20 + 33)
-13
Evaluate 14 + -22 + 16 + -46 + 17.
-21
What is the value of -18 + (-4 - 6 - -25)?
-3
What is the value of -45 + 41 + -48 + 25?
-27
Calculate -7 + -9 + 6 + (0 - -8).
-2
(37 + -38 - 28) + -8
-37
Calculate 1 + -25 + -14 + 5 + 10 + -5.
-28
(-11 - 7) + 7 + -5
-16
Evaluate 1 + 2 + (12 + -4 - 28 - -6).
-11
Calculate 0 + -2 - -12 - (229 - 194).
-25
What is 7 + -3 + 1 + 0?
5
Evaluate 3 - (14 + -7 - 17 - -6).
7
Calculate -12 + 4 + 6 + -5 + -12 + -16.
-35
-4 + 24 + -10 + -4 - 2
4
What is the value of -16 + 14 + 14 + -8?
4
What is the value of 32 - (14 - 24) - 21?
21
Evaluate (-3 - (-16 + 3)) + 9.
19
What is the value of 2 + (-11 - -5) + -3 + 11 + -29?
-25
Calculate (122 - 112 - (0 - 4)) + -10.
4
What is (-3 - 1) + 9 - (-1 + -3) - 3?
6
Evaluate (1 - (-25 + -6 + 5)) + (48 - 54).
21
What is the value of 6 - (-43 + 37 - (-3 + 0))?
9
What is the value of -12 - ((11 - 9) + -29)?
15
Evaluate 55 - (22 - 0 - -7).
26
What is 1 + (1 + 5 - (26 - (-8 + 33)))?
6
(-17 - 6) + (-7 - -33)
3
What is the value of -9 - (-6 - -1) - -16?
12
What is (-15 - -13) + -12 - -5?
-9
What is 17 - (-6 - (0 + 1)) - (13 - 13)?
24
Calculate 196 - 187 - (17 + 0).
-8
0 + 19 + -234 + 224
9
Calculate (24 - 14 - 19) + 4 + -1 + 11.
5
-2 + 1 + -3 + 21 - (455 - 448)
10
What is (13 - 1 - (1 - -9) - -20) + 5?
27
What is the value of 10 - 19 - -13 - 31?
-27
(-1 + 9 - 7) + -2 + -4 + 2
-3
Evaluate 34 - (14 - (-15 - -3)).
8
6 + (4 - 8) + -2 + 17 + -3
14
-30 + -5 + (-5 + -2 + 16 - 3)
-29
Evaluate (-37 - -5) + 20 - -8.
-4
Evaluate -93 + 116 - (24 - 0).
-1
Evaluate (16 - 12) + 5 + -7.
2
What is the value of (-1 + (8 - 0) - 1) + 1 + 0?
7
Evaluate 273 - 279 - (-7 - 0 - -3).
-2
2 + (0 - 16) + (43 - -2)
31
Evaluate 0 + 1 - (137 - 73 - 32).
-31
(-11 + 18 - 18) + 2 - -10
1
What is (-44 - -55) + -8 + -26?
-23
Evaluate (1 + 0 - (-15 + 22 + -2)) + 2.
-2
Evaluate 8 - (2 + 11 + 12 + -15).
-2
-4 + (-11 + 2 - (-5 - 13))
5
3 + 1 - (21 - 2 - 14)
-1
Calculate 0 + 3 + -1 + -98 + 84.
-12
What is 6 + 1 - (11 + -1 + -53 + 40)?
10
Evaluate -29 + -30 + 28 + 6.
-25
Calculate -5 + 22 + 32 + -41.
8
Evaluate -16 + (10 - (2 - 5)).
-3
Calculate 5 + (-2 - -6 - (-1 + 14)).
-4
What is (0 - -5) + -5 + (6 - 6) + 3?
3
Evaluate -8 - (6 + -2 + -17 + 7) - 5.
-7
Evaluate 102 + -101 - (2 + 2).
-3
Evaluate (-88 - -79) + (32 - 9).
14
Calculate 7 + -1 + -11 + 2 + -12 + 1.
-14
Evaluate 0 + -2 + 2 - (13 - (-6 + 18)).
-1
(-7 + 17 - 52) + 32
-10
-1 + -17 - (1 - 14 - (-146 - -130))
-21
What is the value of -8 + (0 - (-5 + (6 - 9)))?
0
Calculate -21 - 1 - (-278 - -268) - -18.
6
Calculate 4 - (4 - 5) - (6 + -7).
6
What is the value of (1 - (-2 + 11) - -15) + -4 + 0?
3
Calculate -12 + 0 + (-43 - -47) - -1.
-7
10 - (-4 + 1 - (12 + -11 + -5))
9
What is 42 + -7 - (6 - (15 + -13))?
31
-22 - (-4 - (-5 - -13) - -3)
-13
Calculate -7 + (-1 - 2) - (43 - 45).
-8
6 + 2 - (23 - (-9 - -13))
-11
What is (-8 - (-3 - (-7 + 20))) + -5?
3
(-5 - 2 - (8 - 17)) + (1 - -9)
12
(-16 - 17) + 17 - -6
-10
What is -12 + (41 - (-9 + 4)) + -4?
30
What is 24 - (-32 - (-27 + -32))?
-3
4 + (-23 - -2) + (-10 - -20) - 4
-11
What is the value of 13 + 0 - (11 + (-6 - (-11 + 25)))?
22
What is the value of -16 + -55 + 106 - (1 + 7)?
27
Calculate -7 - 0 - (-12 + -15 + 14 + 11).
-5
Evaluate (-17 - 0) + (84 - 78).
-11
Calculate -19 + (-45 - -90) - (1 - 13).
38
What is the value of -3 - -1 - -10 - (-59 + (-79 - -144))?
2
What is the value of 14 + -18 + -13 + 2 + -1?
-16
0 + -13 + 35 - (18 - 4)
8
What is -24 + (-10 - -9 - -7)?
-18
What is -30 + (3 - 6 - -5) - (-108 + 110)?
-30
-10 + -3 + 1 + (18 - 14)
-8
What is (7 - -23) + -40 - -3?
-7
Evaluate 17 - (18 + (18 - 2)).
-17
1 + -6 + (14 - 2) + -2
5
(-110 - -83) + 5 + -5 + 9
-18
1 + -13 - (-41 - (-16 + -24))
-11
Evaluate (8 - 1) + (4 - -9 - 22) + 14.
12
-4 + (10 - (13 + -7 + (-8 - -8)))
0
What is the value o